{"id":15869,"date":"2026-03-13T00:18:53","date_gmt":"2026-03-13T00:18:53","guid":{"rendered":"https:\/\/www.demolarim.net\/dijitaloop\/?post_type=product&#038;p=15869"},"modified":"2026-03-14T22:39:06","modified_gmt":"2026-03-14T22:39:06","slug":"mobil-uyumlu-web-tasarimi","status":"publish","type":"product","link":"https:\/\/www.demolarim.net\/dijitaloop\/urun\/mobil-uyumlu-web-tasarimi\/","title":{"rendered":"Mobil Uyumlu Web Tasar\u0131m\u0131"},"content":{"rendered":"\t\t<div data-elementor-type=\"wp-post\" data-elementor-id=\"15869\" class=\"elementor elementor-15869\">\n\t\t\t\t<div class=\"elementor-element elementor-element-10c95826 e-flex e-con-boxed wd-section-disabled e-con e-parent\" data-id=\"10c95826\" data-element_type=\"container\" data-e-type=\"container\">\n\t\t\t\t\t<div class=\"e-con-inner\">\n\t\t<div class=\"elementor-element elementor-element-1fbb0750 e-con-full e-flex wd-section-disabled e-con e-child\" data-id=\"1fbb0750\" data-element_type=\"container\" data-e-type=\"container\">\n\t\t\t\t<div class=\"elementor-element elementor-element-b31f28f elementor-widget elementor-widget-wd_image_or_svg\" data-id=\"b31f28f\" data-element_type=\"widget\" data-e-type=\"widget\" data-widget_type=\"wd_image_or_svg.default\">\n\t\t\t\t<div class=\"elementor-widget-container\">\n\t\t\t\t\t\n\t\t<div class=\"wd-image text-left\">\n\t\t\t\t\t\t\t\t<img fetchpriority=\"high\" decoding=\"async\" width=\"940\" height=\"788\" src=\"https:\/\/www.demolarim.net\/dijitaloop\/wp-content\/uploads\/2026\/03\/Mobil-oncelikli-deneyim.png\" class=\"attachment-full size-full\" alt=\"\" srcset=\"https:\/\/www.demolarim.net\/dijitaloop\/wp-content\/uploads\/2026\/03\/Mobil-oncelikli-deneyim.png 940w, https:\/\/www.demolarim.net\/dijitaloop\/wp-content\/uploads\/2026\/03\/Mobil-oncelikli-deneyim-358x300.png 358w, https:\/\/www.demolarim.net\/dijitaloop\/wp-content\/uploads\/2026\/03\/Mobil-oncelikli-deneyim-768x644.png 768w, https:\/\/www.demolarim.net\/dijitaloop\/wp-content\/uploads\/2026\/03\/Mobil-oncelikli-deneyim-860x721.png 860w, https:\/\/www.demolarim.net\/dijitaloop\/wp-content\/uploads\/2026\/03\/Mobil-oncelikli-deneyim-430x360.png 430w, https:\/\/www.demolarim.net\/dijitaloop\/wp-content\/uploads\/2026\/03\/Mobil-oncelikli-deneyim-700x587.png 700w, https:\/\/www.demolarim.net\/dijitaloop\/wp-content\/uploads\/2026\/03\/Mobil-oncelikli-deneyim-150x126.png 150w\" sizes=\"(max-width: 940px) 100vw, 940px\" \/>\t\t\t\t\t<\/div>\n\n\t\t\t\t\t\t<\/div>\n\t\t\t\t<\/div>\n\t\t\t\t<\/div>\n\t\t<div class=\"elementor-element elementor-element-7ddf3d16 e-con-full e-flex wd-section-disabled e-con e-child\" data-id=\"7ddf3d16\" data-element_type=\"container\" data-e-type=\"container\">\n\t\t\t\t<div class=\"elementor-element elementor-element-294c61b6 elementor-widget elementor-widget-wd_title\" data-id=\"294c61b6\" data-element_type=\"widget\" data-e-type=\"widget\" data-widget_type=\"wd_title.default\">\n\t\t\t\t<div class=\"elementor-widget-container\">\n\t\t\t\t\t\t\t<div class=\"title-wrapper set-mb-s reset-last-child wd-title-color-default wd-title-style-default wd-title-size-default text-left\">\n\n\t\t\t\n\t\t\t<div class=\"liner-continer\">\n\t\t\t\t<h4 class=\"woodmart-title-container title wd-fontsize-l\">Mobil \u00d6ncelikli Deneyim<\/h4> \n\t\t\t\t\t\t\t<\/div>\n\n\t\t\t\t\t<\/div>\n\t\t\t\t\t\t<\/div>\n\t\t\t\t<\/div>\n\t\t\t\t<div class=\"elementor-element elementor-element-914e33a elementor-widget elementor-widget-wd_text_block\" data-id=\"914e33a\" data-element_type=\"widget\" data-e-type=\"widget\" data-widget_type=\"wd_text_block.default\">\n\t\t\t\t<div class=\"elementor-widget-container\">\n\t\t\t\t\t\t\t<div class=\"wd-text-block reset-last-child text-left\">\n\t\t\t\n\t\t\t<p><span style=\"font-size: 16px;\">\u0130nternet trafi\u011finin %70\u2019inden fazlas\u0131n\u0131n mobil cihazlardan geldi\u011fi g\u00fcn\u00fcm\u00fczde, web sitenizin telefonlarda nas\u0131l g\u00f6r\u00fcnd\u00fc\u011f\u00fc sadece bir detay de\u011fil, i\u015finizin kalbidir. Dijitaloop olarak, tasar\u0131mlar\u0131m\u0131z\u0131 en k\u00fc\u00e7\u00fck ekrandan en b\u00fcy\u00fck monit\u00f6re kadar kusursuz bir ak\u0131\u015fla kurguluyoruz. Kullan\u0131c\u0131y\u0131 yormayan, parmak dostu navigasyon ve ak\u0131c\u0131 bir g\u00f6rsel hiyerar\u015fi ile mobil d\u00fcnyada fark yaratman\u0131z\u0131 sa\u011fl\u0131yoruz.<\/span><\/p>\n\t\t\t\t\t<\/div>\n\t\t\t\t\t\t<\/div>\n\t\t\t\t<\/div>\n\t\t\t\t<\/div>\n\t\t\t\t\t<\/div>\n\t\t\t\t<\/div>\n\t\t<div class=\"elementor-element elementor-element-1f282067 e-flex e-con-boxed wd-section-disabled e-con e-parent\" data-id=\"1f282067\" data-element_type=\"container\" data-e-type=\"container\">\n\t\t\t\t\t<div class=\"e-con-inner\">\n\t\t<div class=\"elementor-element elementor-element-5db66534 e-con-full e-flex wd-section-disabled e-con e-child\" data-id=\"5db66534\" data-element_type=\"container\" data-e-type=\"container\">\n\t\t\t\t<div class=\"elementor-element elementor-element-6303657a elementor-widget elementor-widget-wd_title\" data-id=\"6303657a\" data-element_type=\"widget\" data-e-type=\"widget\" data-widget_type=\"wd_title.default\">\n\t\t\t\t<div class=\"elementor-widget-container\">\n\t\t\t\t\t\t\t<div class=\"title-wrapper set-mb-s reset-last-child wd-title-color-default wd-title-style-default wd-title-size-default text-left\">\n\n\t\t\t\n\t\t\t<div class=\"liner-continer\">\n\t\t\t\t<h4 class=\"woodmart-title-container title wd-fontsize-l\">Kesintisiz Adaptasyon G\u00fcc\u00fc<\/h4> \n\t\t\t\t\t\t\t<\/div>\n\n\t\t\t\t\t<\/div>\n\t\t\t\t\t\t<\/div>\n\t\t\t\t<\/div>\n\t\t\t\t<div class=\"elementor-element elementor-element-3f807f6b elementor-widget elementor-widget-wd_text_block\" data-id=\"3f807f6b\" data-element_type=\"widget\" data-e-type=\"widget\" data-widget_type=\"wd_text_block.default\">\n\t\t\t\t<div class=\"elementor-widget-container\">\n\t\t\t\t\t\t\t<div class=\"wd-text-block reset-last-child text-left\">\n\t\t\t\n\t\t\t<p>Web sitenizi sadece k\u00fc\u00e7\u00fcltm\u00fcyoruz; her cihaz\u0131n dinamiklerine g\u00f6re yeniden \u015fekillendiriyoruz. Ak\u0131ll\u0131 telefonlar, tabletler ve diz\u00fcst\u00fc bilgisayarlar aras\u0131nda ge\u00e7i\u015f yaparken kullan\u0131c\u0131n\u0131n deneyimi asla kesintiye u\u011framaz. Tipografiden buton boyutlar\u0131na, g\u00f6rsel yerle\u015fiminden men\u00fc yap\u0131s\u0131na kadar her bile\u015feni, her ekran boyutunda markan\u0131z\u0131n profesyonelli\u011fini koruyacak \u015fekilde 360 derece g\u00fcvence alt\u0131na al\u0131yoruz.<\/p>\n\t\t\t\t\t<\/div>\n\t\t\t\t\t\t<\/div>\n\t\t\t\t<\/div>\n\t\t\t\t<div class=\"elementor-element elementor-element-576c95a1 elementor-widget elementor-widget-wd_button\" data-id=\"576c95a1\" data-element_type=\"widget\" data-e-type=\"widget\" data-widget_type=\"wd_button.default\">\n\t\t\t\t<div class=\"elementor-widget-container\">\n\t\t\t\t\t\t\t<div class=\"wd-button-wrapper text-left\" >\n\t\t\t<a class=\"btn btn-style-default btn-style-semi-round btn-size-default btn-color-primary btn-icon-pos-right\"  href=\"#\">\n\t\t\t\t<span class=\"wd-btn-text\" data-elementor-setting-key=\"text\">\n\t\t\t\t\tQuestions &amp; Answers\t\t\t\t<\/span>\n\n\t\t\t\t\t\t\t<\/a>\n\t\t<\/div>\n\t\t\t\t\t\t<\/div>\n\t\t\t\t<\/div>\n\t\t\t\t<\/div>\n\t\t<div class=\"elementor-element elementor-element-a7ee8e0 e-con-full e-flex wd-section-disabled e-con e-child\" data-id=\"a7ee8e0\" data-element_type=\"container\" data-e-type=\"container\">\n\t\t\t\t<div class=\"elementor-element elementor-element-6240e652 elementor-widget elementor-widget-wd_image_or_svg\" data-id=\"6240e652\" data-element_type=\"widget\" data-e-type=\"widget\" data-widget_type=\"wd_image_or_svg.default\">\n\t\t\t\t<div class=\"elementor-widget-container\">\n\t\t\t\t\t\n\t\t<div class=\"wd-image text-left\">\n\t\t\t\t\t\t\t\t<img decoding=\"async\" width=\"940\" height=\"788\" src=\"https:\/\/www.demolarim.net\/dijitaloop\/wp-content\/uploads\/2026\/03\/KEsintisiz-adaptasyon-gucu.png\" class=\"attachment-full size-full\" alt=\"\" srcset=\"https:\/\/www.demolarim.net\/dijitaloop\/wp-content\/uploads\/2026\/03\/KEsintisiz-adaptasyon-gucu.png 940w, https:\/\/www.demolarim.net\/dijitaloop\/wp-content\/uploads\/2026\/03\/KEsintisiz-adaptasyon-gucu-358x300.png 358w, https:\/\/www.demolarim.net\/dijitaloop\/wp-content\/uploads\/2026\/03\/KEsintisiz-adaptasyon-gucu-768x644.png 768w, https:\/\/www.demolarim.net\/dijitaloop\/wp-content\/uploads\/2026\/03\/KEsintisiz-adaptasyon-gucu-860x721.png 860w, https:\/\/www.demolarim.net\/dijitaloop\/wp-content\/uploads\/2026\/03\/KEsintisiz-adaptasyon-gucu-430x360.png 430w, https:\/\/www.demolarim.net\/dijitaloop\/wp-content\/uploads\/2026\/03\/KEsintisiz-adaptasyon-gucu-700x587.png 700w, https:\/\/www.demolarim.net\/dijitaloop\/wp-content\/uploads\/2026\/03\/KEsintisiz-adaptasyon-gucu-150x126.png 150w\" sizes=\"(max-width: 940px) 100vw, 940px\" \/>\t\t\t\t\t<\/div>\n\n\t\t\t\t\t\t<\/div>\n\t\t\t\t<\/div>\n\t\t\t\t<\/div>\n\t\t\t\t\t<\/div>\n\t\t\t\t<\/div>\n\t\t<div class=\"elementor-element elementor-element-297e29dd e-flex e-con-boxed wd-section-disabled e-con e-parent\" data-id=\"297e29dd\" data-element_type=\"container\" data-e-type=\"container\">\n\t\t\t\t\t<div class=\"e-con-inner\">\n\t\t<div class=\"elementor-element elementor-element-5d913721 e-con-full e-flex wd-section-disabled e-con e-child\" data-id=\"5d913721\" data-element_type=\"container\" data-e-type=\"container\">\n\t\t\t\t<div class=\"elementor-element elementor-element-f5f2ff1 elementor-widget elementor-widget-wd_image_or_svg\" data-id=\"f5f2ff1\" data-element_type=\"widget\" data-e-type=\"widget\" data-widget_type=\"wd_image_or_svg.default\">\n\t\t\t\t<div class=\"elementor-widget-container\">\n\t\t\t\t\t\n\t\t<div class=\"wd-image text-left\">\n\t\t\t\t\t\t\t\t<img decoding=\"async\" width=\"940\" height=\"788\" src=\"https:\/\/www.demolarim.net\/dijitaloop\/wp-content\/uploads\/2026\/03\/Gelececegin-web-dizayni.png\" class=\"attachment-full size-full\" alt=\"\" srcset=\"https:\/\/www.demolarim.net\/dijitaloop\/wp-content\/uploads\/2026\/03\/Gelececegin-web-dizayni.png 940w, https:\/\/www.demolarim.net\/dijitaloop\/wp-content\/uploads\/2026\/03\/Gelececegin-web-dizayni-358x300.png 358w, https:\/\/www.demolarim.net\/dijitaloop\/wp-content\/uploads\/2026\/03\/Gelececegin-web-dizayni-768x644.png 768w, https:\/\/www.demolarim.net\/dijitaloop\/wp-content\/uploads\/2026\/03\/Gelececegin-web-dizayni-860x721.png 860w, https:\/\/www.demolarim.net\/dijitaloop\/wp-content\/uploads\/2026\/03\/Gelececegin-web-dizayni-430x360.png 430w, https:\/\/www.demolarim.net\/dijitaloop\/wp-content\/uploads\/2026\/03\/Gelececegin-web-dizayni-700x587.png 700w, https:\/\/www.demolarim.net\/dijitaloop\/wp-content\/uploads\/2026\/03\/Gelececegin-web-dizayni-150x126.png 150w\" sizes=\"(max-width: 940px) 100vw, 940px\" \/>\t\t\t\t\t<\/div>\n\n\t\t\t\t\t\t<\/div>\n\t\t\t\t<\/div>\n\t\t\t\t<\/div>\n\t\t<div class=\"elementor-element elementor-element-7c416a99 e-con-full e-flex wd-section-disabled e-con e-child\" data-id=\"7c416a99\" data-element_type=\"container\" data-e-type=\"container\">\n\t\t\t\t<div class=\"elementor-element elementor-element-77e90a2c elementor-widget elementor-widget-wd_title\" data-id=\"77e90a2c\" data-element_type=\"widget\" data-e-type=\"widget\" data-widget_type=\"wd_title.default\">\n\t\t\t\t<div class=\"elementor-widget-container\">\n\t\t\t\t\t\t\t<div class=\"title-wrapper set-mb-s reset-last-child wd-title-color-default wd-title-style-default wd-title-size-default text-left\">\n\n\t\t\t\n\t\t\t<div class=\"liner-continer\">\n\t\t\t\t<h4 class=\"woodmart-title-container title wd-fontsize-l\">Gelece\u011fin Mobil Teknolojileri<\/h4> \n\t\t\t\t\t\t\t<\/div>\n\n\t\t\t\t\t<\/div>\n\t\t\t\t\t\t<\/div>\n\t\t\t\t<\/div>\n\t\t\t\t<div class=\"elementor-element elementor-element-96d372 elementor-widget elementor-widget-wd_text_block\" data-id=\"96d372\" data-element_type=\"widget\" data-e-type=\"widget\" data-widget_type=\"wd_text_block.default\">\n\t\t\t\t<div class=\"elementor-widget-container\">\n\t\t\t\t\t\t\t<div class=\"wd-text-block reset-last-child text-left\">\n\t\t\t\n\t\t\t<p><span style=\"font-size: 16px;\">Dijitaloop\u2019ta haz\u0131rlanan mobil uyumlu siteler, sadece g\u00f6rselli\u011fiyle de\u011fil, h\u0131z\u0131yla da b\u00fcy\u00fcler. \"Progressive Enhancement\" yakla\u015f\u0131m\u0131yla en g\u00fcncel mobil taray\u0131c\u0131 teknolojilerini kullan\u0131yor, sayfalar\u0131n\u0131z\u0131n saniyeler i\u00e7inde a\u00e7\u0131lmas\u0131n\u0131 sa\u011fl\u0131yoruz. Google'\u0131n mobil \u00f6ncelikli indeksleme (Mobile-First Indexing) kurallar\u0131na %100 uyumlu altyap\u0131m\u0131zla, markan\u0131z\u0131n mobil aramalardaki g\u00fcc\u00fcn\u00fc sars\u0131lmaz bir temele oturtuyoruz.<\/span><\/p>\n\t\t\t\t\t<\/div>\n\t\t\t\t\t\t<\/div>\n\t\t\t\t<\/div>\n\t\t\t\t<\/div>\n\t\t\t\t\t<\/div>\n\t\t\t\t<\/div>\n\t\t<div class=\"elementor-element elementor-element-414e3652 e-flex e-con-boxed wd-section-disabled e-con e-parent\" data-id=\"414e3652\" data-element_type=\"container\" data-e-type=\"container\">\n\t\t\t\t\t<div class=\"e-con-inner\">\n\t\t<div class=\"elementor-element elementor-element-325867e3 e-con-full e-flex wd-section-disabled e-con e-child\" data-id=\"325867e3\" data-element_type=\"container\" data-e-type=\"container\">\n\t\t\t\t<div class=\"elementor-element elementor-element-4097038c elementor-widget elementor-widget-wd_text_block\" data-id=\"4097038c\" data-element_type=\"widget\" data-e-type=\"widget\" data-widget_type=\"wd_text_block.default\">\n\t\t\t\t<div class=\"elementor-widget-container\">\n\t\t\t\t\t\t\t<div class=\"wd-text-block reset-last-child text-left\">\n\t\t\t\n\t\t\t<h2 data-path-to-node=\"2\">Mobil Uyumlu Web Tasar\u0131m\u0131: Her Ekranda Kusursuz Deneyim ve Dijital Eri\u015filebilirlik<\/h2><p data-path-to-node=\"3\">Dijital d\u00fcnyada web siteniz, kullan\u0131c\u0131lar\u0131n\u0131zla bulu\u015ftu\u011funuz ana temas noktas\u0131d\u0131r ve g\u00fcn\u00fcm\u00fczde bu bulu\u015fmalar\u0131n %70\u2019inden fazlas\u0131 mobil cihazlar \u00fczerinden ger\u00e7ekle\u015fmektedir. Bir web sitesinin sadece \"a\u00e7\u0131lmas\u0131\" yeterli de\u011fildir; <b data-path-to-node=\"3\" data-index-in-node=\"227\">Dijitaloop<\/b> felsefesine g\u00f6re mobil uyumluluk, kullan\u0131c\u0131n\u0131n avucunun i\u00e7indeki deneyimi en y\u00fcksek h\u0131z ve estetikle optimize etmektir. 2026 y\u0131l\u0131nday\u0131z; Google art\u0131k \"Mobile-First Indexing\" (\u00d6nce Mobil \u0130ndeksleme) ile siteleri de\u011ferlendirirken, sadece mobil uyumlu de\u011fil, mobil \u00f6ncelikli tasar\u0131mlar\u0131 \u00f6d\u00fcllendiriyor.<\/p><h3 data-path-to-node=\"4\">Mobil Uyumluluk Neden Farkl\u0131d\u0131r? (Ve Neden Strateji \u0130ster?)<\/h3><p data-path-to-node=\"5\">Masa\u00fcst\u00fc i\u00e7in tasarlanm\u0131\u015f bir sitenin mobil ekrana s\u0131\u011fd\u0131r\u0131lmas\u0131 ile \"Mobil \u00d6ncelikli\" (Mobile-First) bir mimari kurgulanmas\u0131 aras\u0131nda devasa bir fark vard\u0131r. Mobil uyumlu tasar\u0131m, parmak dostu navigasyondan optimize edilmi\u015f g\u00f6rsel hiyerar\u015fiye kadar titizlikle ele al\u0131nmas\u0131 gereken bir m\u00fchendislik s\u00fcrecidir.<\/p><p data-path-to-node=\"6\">Burada mesele sadece men\u00fcy\u00fc daraltmak de\u011fildir; kullan\u0131c\u0131n\u0131n hareket halindeki sabr\u0131n\u0131 ve dikkat s\u00fcresini y\u00f6netmektir. Sitenizdeki \"dokunma hedeflerini\" (touch targets) do\u011fru kurgulamak, metin okunabilirli\u011fini cihaz bazl\u0131 optimize etmek ve Google botlar\u0131na \"Bu site mobil kullan\u0131c\u0131 i\u00e7in en g\u00fcvenilir ve h\u0131zl\u0131 kaynakt\u0131r\" mesaj\u0131n\u0131 iletmektir.<\/p><h3 data-path-to-node=\"7\">Duyarl\u0131 (Responsive) Mimari: Dijital Binan\u0131z\u0131n Esnekli\u011fi<\/h3><p data-path-to-node=\"8\">Pek \u00e7ok site, farkl\u0131 ekran \u00e7\u00f6z\u00fcn\u00fcrl\u00fcklerinde da\u011f\u0131l\u0131r veya kullan\u0131c\u0131y\u0131 s\u00fcrekli \"zoom\" yapmaya zorlar. <b data-path-to-node=\"8\" data-index-in-node=\"101\">Dijitaloop<\/b> tasar\u0131m s\u00fcrecinde duyarl\u0131 mimari, sitenizin her cihazda (telefon, tablet, masa\u00fcst\u00fc) bir bukalemun gibi \u015fekil de\u011fi\u015ftirmesini sa\u011flar. Core Web Vitals (\u00d6nemli Web Verileri) uyumlulu\u011fu, mobil h\u0131z optimizasyonu ve cihaz bazl\u0131 g\u00f6rsel \u00f6l\u00e7eklendirmeler markaya yat\u0131rd\u0131\u011f\u0131m\u0131z ilk maddelerdir. Siteniz, kullan\u0131c\u0131n\u0131n elindeki cihaz ne olursa olsun \"en sevdi\u011fi misafir\" konforunda bir ak\u0131c\u0131l\u0131k sunmal\u0131d\u0131r.<\/p><h3 data-path-to-node=\"9\">Mobil H\u0131z Stratejisi: Saniyelerin Sat\u0131\u015fa D\u00f6n\u00fc\u015ft\u00fc\u011f\u00fc Yer<\/h3><p data-path-to-node=\"10\">Google art\u0131k sadece tasar\u0131ma de\u011fil, o tasar\u0131m\u0131n mobil a\u011flar alt\u0131ndaki a\u00e7\u0131l\u0131\u015f h\u0131z\u0131na bak\u0131yor. Mobil Uyumlu Tasar\u0131m ajans\u0131 olarak, sadece g\u00f6rsellik sunmuyor; d\u00fc\u015f\u00fck ba\u011flant\u0131 h\u0131zlar\u0131nda bile saniyeler i\u00e7inde etkile\u015fime haz\u0131r hale gelen yap\u0131lar kurguluyoruz. Veri tasarruflu g\u00f6rsel formatlar\u0131, hafifletilmi\u015f kod bloklar\u0131 ve ak\u0131ll\u0131 \u00f6nbellekleme sistemleri ile ziyaret\u00e7iyi hen\u00fcz arama a\u015famas\u0131ndayken yakal\u0131yor ve bekleme s\u00fcresi nedeniyle kaybetmenizin \u00f6n\u00fcne ge\u00e7iyoruz.<\/p><h3 data-path-to-node=\"11\">Veri Odakl\u0131 Mobil Kararlar ve \u015eeffaf Performans<\/h3><p data-path-to-node=\"12\">Mobil bir yap\u0131da \"ziyaret say\u0131s\u0131\" kadar, \"mobil etkile\u015fim oran\u0131\" ve \"mobil d\u00f6n\u00fc\u015f\u00fcm maliyeti\" gibi veriler kritik \u00f6nem ta\u015f\u0131r. Google Search Console mobil kullan\u0131labilirlik raporlar\u0131 ve cihaz bazl\u0131 d\u00f6n\u00fc\u015f\u00fcm analizleri her zaman masadad\u0131r. Ajans\u0131n g\u00f6revi, sitenizin mobil trafi\u011fini sadece art\u0131rmak de\u011fil, bu trafi\u011fin nas\u0131l bir ciroya veya marka bilinirli\u011fine d\u00f6n\u00fc\u015ft\u00fc\u011f\u00fcn\u00fc kan\u0131tlamakt\u0131r.<\/p><h3 data-path-to-node=\"13\">Mobil D\u00f6n\u00fc\u015f\u00fcm (CRO) ve \u0130leti\u015fim Kolayl\u0131\u011f\u0131<\/h3><p data-path-to-node=\"14\">Sitenize mobilden binlerce ki\u015fi gelse bile, e\u011fer \"Hemen Ara\" veya \"Yol Tarifi Al\" butonlar\u0131 zor bulunuyorsa, tasar\u0131m g\u00f6revini tam yapmam\u0131\u015f demektir. Mobil uyumlu web tasar\u0131m\u0131, kullan\u0131c\u0131y\u0131 yormadan en k\u0131sa yoldan aksiyona ge\u00e7irecek bir \"parmak yolculu\u011fu\" kurgular. Is\u0131 haritalar\u0131 ve mobil kullan\u0131c\u0131 davran\u0131\u015f analizleriyle bu yolculu\u011fu s\u00fcrekli iyile\u015ftiriyor, t\u0131klamalar\u0131 somut i\u015f sonu\u00e7lar\u0131na d\u00f6n\u00fc\u015ft\u00fcr\u00fcyoruz.<\/p><h3 data-path-to-node=\"15\">Neden Profesyonel Bir Mobil \u00c7\u00f6z\u00fcm Orta\u011f\u0131?<\/h3><p data-path-to-node=\"16\">Dijital d\u00fcnya h\u0131zla avu\u00e7 i\u00e7ine s\u0131\u011farken, mobil deneyimi ikinci plana atan markalar g\u00f6r\u00fcnmezle\u015fiyor. Bug\u00fcn at\u0131lan do\u011fru bir mobil tasar\u0131m ad\u0131m\u0131, markan\u0131z\u0131 arama sonu\u00e7lar\u0131nda de\u011fil, m\u00fc\u015fterilerinizin g\u00fcnl\u00fck al\u0131\u015fkanl\u0131klar\u0131nda bir \"tercih fig\u00fcr\u00fc\" haline getirir.<\/p><p data-path-to-node=\"17\">E\u011fer siz de cihaz fark etmeksizin kusursuz \u00e7al\u0131\u015fan, veriye dayal\u0131 b\u00fcy\u00fcyen ve Google\u2019\u0131n mobil \u00f6ncelikli d\u00fcnyas\u0131nda yerini sa\u011flamla\u015ft\u0131ran bir marka olmak istiyorsan\u0131z; standartlar\u0131n \u00f6tesine ge\u00e7me vakti geldi. Unutmay\u0131n, dijital d\u00fcnyada en pahal\u0131 \u015fey, mobil kullan\u0131c\u0131n\u0131n sabr\u0131n\u0131 zorlayan hatal\u0131 stratejilerle kaybedilen zamand\u0131r.<\/p>\n\t\t\t\t\t<\/div>\n\t\t\t\t\t\t<\/div>\n\t\t\t\t<\/div>\n\t\t\t\t<\/div>\n\t\t\t\t\t<\/div>\n\t\t\t\t<\/div>\n\t\t\t\t<\/div>\n\t\t","protected":false},"excerpt":{"rendered":"<p>\u201cDijital d\u00fcnyada eri\u015filebilirlik bir se\u00e7enek de\u011fil, markan\u0131z\u0131n kullan\u0131c\u0131yla kurdu\u011fu ilk ve en kritik ba\u011fd\u0131r.\u201d E\u011fer geni\u015f kitlelere hitap eden dinamik bir markay\u0131 temsil ediyorsan\u0131z, web sitenizin sadece masa\u00fcst\u00fcnde \u2018\u00e7al\u0131\u015f\u0131yor\u2019 olmas\u0131 sizi mobil \u00e7a\u011f\u0131n rekabetinde ileri ta\u015f\u0131maz. Profesyonel bir <b data-path-to-node=\"2\" data-index-in-node=\"294\">mobil uyumlu web tasar\u0131m\u0131 ajans\u0131<\/b>, sitenizin sadece her ekrana s\u0131\u011fmas\u0131yla ilgilenmez; o tasar\u0131m\u0131n dokunmatik \u00f6ncelikli kullan\u0131c\u0131 deneyimine (Mobile UX), parmak dostu navigasyon yap\u0131s\u0131na ve farkl\u0131 cihazlardaki teknik performans\u0131na odaklan\u0131r. Mesele sadece \u00f6l\u00e7eklenebilir bir aray\u00fcz sunmak de\u011fil, o mobil deneyimi h\u0131za, kolay etkile\u015fime ve her an ula\u015f\u0131labilir bir ticari ba\u015far\u0131ya d\u00f6n\u00fc\u015ft\u00fcrebilmektir.<\/p>\n","protected":false},"featured_media":15882,"comment_status":"open","ping_status":"closed","template":"","meta":[],"product_brand":[],"product_cat":[32],"product_tag":[],"class_list":{"0":"post-15869","1":"product","2":"type-product","3":"status-publish","4":"has-post-thumbnail","6":"product_cat-kurumsal-web-tasarim","8":"first","9":"instock","10":"shipping-taxable","11":"product-type-simple"},"_links":{"self":[{"href":"https:\/\/www.demolarim.net\/dijitaloop\/wp-json\/wp\/v2\/product\/15869","targetHints":{"allow":["GET"]}}],"collection":[{"href":"https:\/\/www.demolarim.net\/dijitaloop\/wp-json\/wp\/v2\/product"}],"about":[{"href":"https:\/\/www.demolarim.net\/dijitaloop\/wp-json\/wp\/v2\/types\/product"}],"replies":[{"embeddable":true,"href":"https:\/\/www.demolarim.net\/dijitaloop\/wp-json\/wp\/v2\/comments?post=15869"}],"version-history":[{"count":8,"href":"https:\/\/www.demolarim.net\/dijitaloop\/wp-json\/wp\/v2\/product\/15869\/revisions"}],"predecessor-version":[{"id":15927,"href":"https:\/\/www.demolarim.net\/dijitaloop\/wp-json\/wp\/v2\/product\/15869\/revisions\/15927"}],"wp:featuredmedia":[{"embeddable":true,"href":"https:\/\/www.demolarim.net\/dijitaloop\/wp-json\/wp\/v2\/media\/15882"}],"wp:attachment":[{"href":"https:\/\/www.demolarim.net\/dijitaloop\/wp-json\/wp\/v2\/media?parent=15869"}],"wp:term":[{"taxonomy":"product_brand","embeddable":true,"href":"https:\/\/www.demolarim.net\/dijitaloop\/wp-json\/wp\/v2\/product_brand?post=15869"},{"taxonomy":"product_cat","embeddable":true,"href":"https:\/\/www.demolarim.net\/dijitaloop\/wp-json\/wp\/v2\/product_cat?post=15869"},{"taxonomy":"product_tag","embeddable":true,"href":"https:\/\/www.demolarim.net\/dijitaloop\/wp-json\/wp\/v2\/product_tag?post=15869"}],"curies":[{"name":"wp","href":"https:\/\/api.w.org\/{rel}","templated":true}]}}